{"id":1057,"date":"2026-01-02T15:01:40","date_gmt":"2026-01-02T15:01:40","guid":{"rendered":"https:\/\/jonathansteil.de\/?page_id=1057"},"modified":"2026-01-02T15:12:06","modified_gmt":"2026-01-02T15:12:06","slug":"elementor-1057","status":"publish","type":"page","link":"https:\/\/jonathansteil.de\/?page_id=1057","title":{"rendered":"Green Eyes"},"content":{"rendered":"\t\t<div data-elementor-type=\"wp-page\" data-elementor-id=\"1057\" class=\"elementor elementor-1057\" data-elementor-post-type=\"page\">\n\t\t\t\t<div class=\"elementor-element elementor-element-6ebde541 e-flex e-con-boxed e-con e-parent\" data-id=\"6ebde541\" data-element_type=\"container\" data-e-type=\"container\">\n\t\t\t\t\t<div class=\"e-con-inner\">\n\t\t\t\t<div class=\"elementor-element elementor-element-6cfbc2ab elementor-widget elementor-widget-text-editor\" data-id=\"6cfbc2ab\" data-element_type=\"widget\" data-e-type=\"widget\" data-widget_type=\"text-editor.default\">\n\t\t\t\t<div class=\"elementor-widget-container\">\n\t\t\t\t\t\t\t\t\t<p><b style=\"caret-color: #3d3d3d; color: #3d3d3d; font-family: Helvetica, sans-serif; font-size: 15px; text-align: var(--text-align);\">\u2650\ufe0e GREEN EYES<\/b><\/p><p style=\"margin-block-end: 0px; caret-color: #3d3d3d; color: #3d3d3d; font-family: Helvetica, sans-serif; font-size: 15px;\"><span style=\"font-family: var(--global-body-font-family);\">Director: Elena Petitpierre<br \/><\/span>DoP: Jonathan Steil<br \/>Production: Ruben Staub<\/p><p>Composer &amp; Artistic Director Ruben Staub<br \/>Poety Rolf Jacobsen<br \/>Dance Performance Ichi Go<br \/>Gaffer Kriti Dale<br \/>Violin Julia Br\u00fcssel<br \/>Percussion Hannes Malkowski<br \/>Soprano Carine Tinney<br \/>Cello &amp; Vocals Julia Bi\u0142at<br \/>Clarinet Ruben Staub<br \/>Accordion Dragan Ribi\u0107<br \/>Recording &amp; Mixing Engineer Guy Sternberg<br \/><span style=\"font-family: var(--global-body-font-family);\">Recording Editor Christian Richardson<br \/><\/span>Editor Jeanne Nicolet<\/p><p>Gef\u00f6rdert von der Beauftragten der Bundesregierung f\u00fcr Kultur und Medien im Rahmen von NEUSTART KULTUR<\/p><p>Recorded at HANSA STUDIOS BERLIN<\/p><p style=\"margin-block-end: 0px; caret-color: #3d3d3d; color: #3d3d3d; font-family: Helvetica, sans-serif; font-size: 15px;\">\u00a0<\/p>\t\t\t\t\t\t\t\t<\/div>\n\t\t\t\t<\/div>\n\t\t\t\t\t<\/div>\n\t\t\t\t<\/div>\n\t\t<div class=\"elementor-element elementor-element-a7395cd e-flex e-con-boxed e-con e-parent\" data-id=\"a7395cd\" data-element_type=\"container\" data-e-type=\"container\">\n\t\t\t\t\t<div class=\"e-con-inner\">\n\t\t\t\t<div class=\"elementor-element elementor-element-d9b74c3 elementor-widget elementor-widget-video\" data-id=\"d9b74c3\" data-element_type=\"widget\" data-e-type=\"widget\" data-settings=\"{&quot;video_type&quot;:&quot;vimeo&quot;}\" data-widget_type=\"video.default\">\n\t\t\t\t<div class=\"elementor-widget-container\">\n\t\t\t\t\t\t\t<div class=\"elementor-wrapper elementor-open-inline\">\n\t\t\t<iframe class=\"elementor-video-iframe\" allowfullscreen allow=\"clipboard-write\" title=\"vimeo Video Player\" src=\"https:\/\/player.vimeo.com\/video\/896850547?color&amp;autopause=0&amp;loop=0&amp;muted=0&amp;title=1&amp;portrait=1&amp;byline=1#t=\"><\/iframe>\t\t<\/div>\n\t\t\t\t\t\t<\/div>\n\t\t\t\t<\/div>\n\t\t\t\t\t<\/div>\n\t\t\t\t<\/div>\n\t\t<div class=\"elementor-element elementor-element-6d49c345 e-flex e-con-boxed e-con e-parent\" data-id=\"6d49c345\" data-element_type=\"container\" data-e-type=\"container\">\n\t\t\t\t\t<div class=\"e-con-inner\">\n\t\t\t\t<div class=\"elementor-element elementor-element-1053c08 elementor-widget elementor-widget-text-editor\" data-id=\"1053c08\" data-element_type=\"widget\" data-e-type=\"widget\" data-widget_type=\"text-editor.default\">\n\t\t\t\t<div class=\"elementor-widget-container\">\n\t\t\t\t\t\t\t\t\t<p>\u2650\ufe0e&nbsp;<a href=\"https:\/\/jonathansteil.de\/?page_id=447\" target=\"_blank\" style=\"font-family: var( --e-global-typography-text-font-family ), Sans-serif;\"><b>MAIN<\/b><\/a><\/p>\t\t\t\t\t\t\t\t<\/div>\n\t\t\t\t<\/div>\n\t\t\t\t\t<\/div>\n\t\t\t\t<\/div>\n\t\t\t\t<\/div>\n\t\t","protected":false},"excerpt":{"rendered":"<p>\u2650\ufe0e GREEN EYES Director: Elena PetitpierreDoP: Jonathan SteilProduction: Ruben Staub Composer &amp; Artistic Director Ruben StaubPoety Rolf JacobsenDance Performance Ichi GoGaffer Kriti DaleViolin Julia Br\u00fcsselPercussion Hannes MalkowskiSoprano Carine TinneyCello &amp; Vocals Julia Bi\u0142atClarinet Ruben StaubAccordion Dragan Ribi\u0107Recording &amp; Mixing Engineer Guy SternbergRecording Editor Christian RichardsonEditor Jeanne Nicolet Gef\u00f6rdert von der Beauftragten der Bundesregierung f\u00fcr Kultur&#8230;<\/p>\n","protected":false},"author":1,"featured_media":0,"parent":0,"menu_order":0,"comment_status":"closed","ping_status":"closed","template":"elementor_canvas","meta":{"_kad_post_transparent":"","_kad_post_title":"hide","_kad_post_layout":"fullwidth","_kad_post_sidebar_id":"","_kad_post_content_style":"unboxed","_kad_post_vertical_padding":"hide","_kad_post_feature":"hide","_kad_post_feature_position":"","_kad_post_header":false,"_kad_post_footer":false,"_kad_post_classname":"","footnotes":""},"class_list":["post-1057","page","type-page","status-publish","hentry"],"_links":{"self":[{"href":"https:\/\/jonathansteil.de\/index.php?rest_route=\/wp\/v2\/pages\/1057","targetHints":{"allow":["GET"]}}],"collection":[{"href":"https:\/\/jonathansteil.de\/index.php?rest_route=\/wp\/v2\/pages"}],"about":[{"href":"https:\/\/jonathansteil.de\/index.php?rest_route=\/wp\/v2\/types\/page"}],"author":[{"embeddable":true,"href":"https:\/\/jonathansteil.de\/index.php?rest_route=\/wp\/v2\/users\/1"}],"replies":[{"embeddable":true,"href":"https:\/\/jonathansteil.de\/index.php?rest_route=%2Fwp%2Fv2%2Fcomments&post=1057"}],"version-history":[{"count":9,"href":"https:\/\/jonathansteil.de\/index.php?rest_route=\/wp\/v2\/pages\/1057\/revisions"}],"predecessor-version":[{"id":1070,"href":"https:\/\/jonathansteil.de\/index.php?rest_route=\/wp\/v2\/pages\/1057\/revisions\/1070"}],"wp:attachment":[{"href":"https:\/\/jonathansteil.de\/index.php?rest_route=%2Fwp%2Fv2%2Fmedia&parent=1057"}],"curies":[{"name":"wp","href":"https:\/\/api.w.org\/{rel}","templated":true}]}}

<div data-elementor-type="wp-page" data-elementor-id="1057" class="elementor elementor-1057" data-elementor-post-type="page">
				<div class="elementor-element elementor-element-6ebde541 e-flex e-con-boxed e-con e-parent" data-id="6ebde541" data-element_type="container" data-e-type="container">
					<div class="e-con-inner">
				<div class="elementor-element elementor-element-6cfbc2ab elementor-widget elementor-widget-text-editor" data-id="6cfbc2ab" data-element_type="widget" data-e-type="widget" data-widget_type="text-editor.default">
				<div class="elementor-widget-container">
									<p><b style="caret-color: #3d3d3d; color: #3d3d3d; font-family: Helvetica, sans-serif; font-size: 15px; text-align: var(--text-align);">♐︎ GREEN EYES</b></p><p style="margin-block-end: 0px; caret-color: #3d3d3d; color: #3d3d3d; font-family: Helvetica, sans-serif; font-size: 15px;"><span style="font-family: var(--global-body-font-family);">Director: Elena Petitpierre<br /></span>DoP: Jonathan Steil<br />Production: Ruben Staub</p><p>Composer &amp; Artistic Director Ruben Staub<br />Poety Rolf Jacobsen<br />Dance Performance Ichi Go<br />Gaffer Kriti Dale<br />Violin Julia Brüssel<br />Percussion Hannes Malkowski<br />Soprano Carine Tinney<br />Cello &amp; Vocals Julia Biłat<br />Clarinet Ruben Staub<br />Accordion Dragan Ribić<br />Recording &amp; Mixing Engineer Guy Sternberg<br /><span style="font-family: var(--global-body-font-family);">Recording Editor Christian Richardson<br /></span>Editor Jeanne Nicolet</p><p>Gefördert von der Beauftragten der Bundesregierung für Kultur und Medien im Rahmen von NEUSTART KULTUR</p><p>Recorded at HANSA STUDIOS BERLIN</p><p style="margin-block-end: 0px; caret-color: #3d3d3d; color: #3d3d3d; font-family: Helvetica, sans-serif; font-size: 15px;"> </p>								</div>
				</div>
					</div>
				</div>
		<div class="elementor-element elementor-element-a7395cd e-flex e-con-boxed e-con e-parent" data-id="a7395cd" data-element_type="container" data-e-type="container">
					<div class="e-con-inner">
				<div class="elementor-element elementor-element-d9b74c3 elementor-widget elementor-widget-video" data-id="d9b74c3" data-element_type="widget" data-e-type="widget" data-settings="{&quot;video_type&quot;:&quot;vimeo&quot;}" data-widget_type="video.default">
				<div class="elementor-widget-container">
							<div class="elementor-wrapper elementor-open-inline">
			<iframe class="elementor-video-iframe" allowfullscreen allow="clipboard-write" title="vimeo Video Player" src="https://player.vimeo.com/video/896850547?color&amp;autopause=0&amp;loop=0&amp;muted=0&amp;title=1&amp;portrait=1&amp;byline=1#t="></iframe>		</div>
						</div>
				</div>
					</div>
				</div>
		<div class="elementor-element elementor-element-6d49c345 e-flex e-con-boxed e-con e-parent" data-id="6d49c345" data-element_type="container" data-e-type="container">
					<div class="e-con-inner">
				<div class="elementor-element elementor-element-1053c08 elementor-widget elementor-widget-text-editor" data-id="1053c08" data-element_type="widget" data-e-type="widget" data-widget_type="text-editor.default">
				<div class="elementor-widget-container">
									<p>♐︎&nbsp;<a href="https://jonathansteil.de/?page_id=447" target="_blank" style="font-family: var( --e-global-typography-text-font-family ), Sans-serif;"><b>MAIN</b></a></p>								</div>
				</div>
					</div>
				</div>
				</div>

<p>♐︎ GREEN EYES Director: Elena PetitpierreDoP: Jonathan SteilProduction: Ruben Staub Composer &amp; Artistic Director Ruben StaubPoety Rolf JacobsenDance Performance Ichi GoGaffer Kriti DaleViolin Julia BrüsselPercussion Hannes MalkowskiSoprano Carine TinneyCello &amp; Vocals Julia BiłatClarinet Ruben StaubAccordion Dragan RibićRecording &amp; Mixing Engineer Guy SternbergRecording Editor Christian RichardsonEditor Jeanne Nicolet Gefördert von der Beauftragten der Bundesregierung für Kultur&#8230;</p>
